{"id":342694,"date":"2023-12-05T15:23:05","date_gmt":"2023-12-05T14:23:05","guid":{"rendered":"https:\/\/www.allaboutautomation.de\/products\/phycam-l-kamerasystem-mit-xxl-reichweite\/"},"modified":"2024-04-24T21:22:25","modified_gmt":"2024-04-24T19:22:25","slug":"phycam-l-kamerasystem-mit-xxl-reichweite","status":"publish","type":"products","link":"https:\/\/www.allaboutautomation.de\/de\/products\/phycam-l-kamerasystem-mit-xxl-reichweite\/","title":{"rendered":"phyCAM-L Kamerasystem mit XXL Reichweite"},"content":{"rendered":"<p>XXL-Reichweite f\u00fcr Embedded Vision Systeme<br \/>\nMit der neuen Kameraschnittstelle phyCAM-L l\u00f6st PHYTEC die Problematik der L\u00e4ngenbeschr\u00e4nkung der MIPI CSI\u20112 Schnittstelle.<\/p>\n<p>\u2022 bis zu 15 m Leitungsl\u00e4nge f\u00fcr Embedded Vision-Kameras<br \/>\n\u2022 besonders kosten- und platzsparende Systemkomponenten<br \/>\n\u2022 einsatzfertige, serientaugliche L\u00f6sung<br \/>\n\u2022 ger\u00e4teintern und als abgesetzter Kamerakopf einsetzbar<br \/>\n\u2022 UMCC Gen.1-Stecker erm\u00f6glicht kleine, g\u00fcnstige und flexibel anpassbare Verbindung<br \/>\n\u2022 langzeitverf\u00fcgbar durch Einsatz von Automotive-Bauteilen<br \/>\n\u2022 besonders f\u00fcr leistungsstarke Embedded Vision Systeme mit i.MX 8M Plus Prozessor geeignet<br \/>\n\u2022 individuelle Objektiv-Optionen, Beratung und Montageservice<br \/>\n\u2022 Hard- und Software-Design Unterst\u00fctzung<br \/>\n\u2022 Application Note zur Integration des Konverters ins Basisboard<br \/>\n\u2022 erweiterter Temperaturbereich f\u00fcr professionelle Anwendungen<\/p>\n","protected":false},"excerpt":{"rendered":"<p>XXL-Reichweite f\u00fcr Embedded Vision Systeme Mit der neuen Kameraschnittstelle phyCAM-L l\u00f6st PHYTEC die Problematik der L\u00e4ngenbeschr\u00e4nkung der MIPI CSI\u20112 Schnittstelle. \u2022 bis zu 15 m Leitungsl\u00e4nge f\u00fcr Embedded Vision-Kameras \u2022 besonders kosten- und platzsparende Systemkomponenten \u2022 einsatzfertige, serientaugliche L\u00f6sung \u2022 ger\u00e4teintern und als abgesetzter Kamerakopf einsetzbar \u2022 UMCC Gen.1-Stecker erm\u00f6glicht kleine, g\u00fcnstige und flexibel anpassbare [&hellip;]<\/p>\n","protected":false},"featured_media":342724,"template":"","meta":{"_seopress_robots_primary_cat":"","_seopress_titles_title":"","_seopress_titles_desc":"","_seopress_robots_index":"","_api_id":"138098","_exhibitors":["313024"],"footnotes":""},"tags":[],"edition":[1803],"product-category":[],"class_list":["post-342694","products","type-products","status-publish","has-post-thumbnail","hentry","edition-all-about-automation-friedrichshafen-24"],"_links":{"self":[{"href":"https:\/\/www.allaboutautomation.de\/de\/wp-json\/wp\/v2\/products\/342694","targetHints":{"allow":["GET"]}}],"collection":[{"href":"https:\/\/www.allaboutautomation.de\/de\/wp-json\/wp\/v2\/products"}],"about":[{"href":"https:\/\/www.allaboutautomation.de\/de\/wp-json\/wp\/v2\/types\/products"}],"version-history":[{"count":1,"href":"https:\/\/www.allaboutautomation.de\/de\/wp-json\/wp\/v2\/products\/342694\/revisions"}],"predecessor-version":[{"id":388928,"href":"https:\/\/www.allaboutautomation.de\/de\/wp-json\/wp\/v2\/products\/342694\/revisions\/388928"}],"wp:featuredmedia":[{"embeddable":true,"href":"https:\/\/www.allaboutautomation.de\/de\/wp-json\/wp\/v2\/media\/342724"}],"wp:attachment":[{"href":"https:\/\/www.allaboutautomation.de\/de\/wp-json\/wp\/v2\/media?parent=342694"}],"wp:term":[{"taxonomy":"post_tag","embeddable":true,"href":"https:\/\/www.allaboutautomation.de\/de\/wp-json\/wp\/v2\/tags?post=342694"},{"taxonomy":"edition","embeddable":true,"href":"https:\/\/www.allaboutautomation.de\/de\/wp-json\/wp\/v2\/edition?post=342694"},{"taxonomy":"product-category","embeddable":true,"href":"https:\/\/www.allaboutautomation.de\/de\/wp-json\/wp\/v2\/product-category?post=342694"}],"curies":[{"name":"wp","href":"https:\/\/api.w.org\/{rel}","templated":true}]}}

<p>XXL-Reichweite für Embedded Vision Systeme<br />
Mit der neuen Kameraschnittstelle phyCAM-L löst PHYTEC die Problematik der Längenbeschränkung der MIPI CSI‑2 Schnittstelle.</p>
<p>• bis zu 15 m Leitungslänge für Embedded Vision-Kameras<br />
• besonders kosten- und platzsparende Systemkomponenten<br />
• einsatzfertige, serientaugliche Lösung<br />
• geräteintern und als abgesetzter Kamerakopf einsetzbar<br />
• UMCC Gen.1-Stecker ermöglicht kleine, günstige und flexibel anpassbare Verbindung<br />
• langzeitverfügbar durch Einsatz von Automotive-Bauteilen<br />
• besonders für leistungsstarke Embedded Vision Systeme mit i.MX 8M Plus Prozessor geeignet<br />
• individuelle Objektiv-Optionen, Beratung und Montageservice<br />
• Hard- und Software-Design Unterstützung<br />
• Application Note zur Integration des Konverters ins Basisboard<br />
• erweiterter Temperaturbereich für professionelle Anwendungen</p>

<p>XXL-Reichweite für Embedded Vision Systeme Mit der neuen Kameraschnittstelle phyCAM-L löst PHYTEC die Problematik der Längenbeschränkung der MIPI CSI‑2 Schnittstelle. • bis zu 15 m Leitungslänge für Embedded Vision-Kameras • besonders kosten- und platzsparende Systemkomponenten • einsatzfertige, serientaugliche Lösung • geräteintern und als abgesetzter Kamerakopf einsetzbar • UMCC Gen.1-Stecker ermöglicht kleine, günstige und flexibel anpassbare [&hellip;]</p>
